 38 and a?
38
Let w be (104/520)/((-2)/(-50)). What is the greatest common factor of 150 and w?
5
Suppose c - 75 = -c - f, -165 = -4*c + f. Suppose 55*o = c*o + 1125. What is the greatest common divisor of o and 50?
25
Let h(s) be the second derivative of s**5/20 - s**4/4 - s**3/2 - 10*s**2 - 3*s - 9. Let b be h(6). What is the greatest common divisor of 35 and b?
35
Let x = 70 - 73. Let m be (-2)/9 - ((-357)/27 - x). Let h(n) = -n**3 + 11*n**2 - 5*n - 2. Let g be h(m). Calculate the greatest common divisor of g and 16.
16
Suppose 256*a - 254*a = -t + 105, 270 = 5*a + 5*t. Calculate the greatest common divisor of a and 2125.
17
Suppose k + 8 = 5*c, 35*c = 40*c - 4*k - 2. Calculate the greatest common factor of 340 and c.
2
Let t(y) = y + 45. Let k be t(-10). Suppose 3*d + 45 = -2*d. Let s(w) = w**3 + 9*w**2 - w + 1. Let l be s(d). What is the highest common divisor of l and k?
5
Suppose o - 3*s - 161 = 0, 0 = -3*o - 5*s + 458 + 95. Calculate the highest common factor of o and 2552.
88
Suppose 0*g + 3*g = 18. Suppose -10*j - 25 = -25. Let t be j - (1 + -5)/(g/21). Calculate the greatest common factor of t and 112.
14
Let s(m) = -26*m - 8. Let l be s(-4). Let w(p) = p**2 - 21*p + 32. Let x = 260 - 240. Let y be w(x). Calculate the greatest common divisor of l and y.
12
Suppose -84*d = -339 - 761 - 328. Calculate the greatest common divisor of 799 and d.
17
Suppose 0 = -3*g + 4*g - 6. Let s(m) = -m. Let v(y) = -14*y + 56. Let j(p) = -12*s(p) + v(p). Let h be j(19). Calculate the greatest common factor of g and h.
6
Let s be 27792/72 + -7 + 1. Suppose 6*k - 525 = 2*k - 5*z, 3*k + z - s = 0. Calculate the highest common factor of k and 25.
25
Let v be (-222)/(0 + 2) + -2. Let r = -25 - v. Let x be (3 - 4)/(75/(-1375)*(-5)/(-3)). Calculate the highest common factor of x and r.
11
Let d(u) = -u**3 - 4*u**2 + 4*u + 5. Let r be d(-7). Suppose -r = -s + 4*b, 3*s + 0*b = b + 405. What is the greatest common divisor of 4 and s?
4
Let s(w) = 644*w - 1311. Let f be s(5). Calculate the highest common divisor of f and 46.
23
Let u be (8 - (-6 - -11))/1. Let x be 6/24 + -5*u/(-4). Calculate the greatest common divisor of x and 18.
2
Let s be 6/(((-5)/(-5))/((-94)/(-4))). Suppose -s = -4*z + 15. Let h be 56 + 1 + 5/(-1). What is the highest common factor of h and z?
13
Let j(d) = -d**2 + 38. Let f be j(-6). What is the highest common factor of f and 61?
1
Let o be (12/18 + 1 + -2)/(9/(-54)). What is the greatest common divisor of o and 38?
2
Let r(a) = 95*a**2 - 393*a + 1196. Let o be r(3). What is the greatest common factor of 72 and o?
8
Let r = 272 + 3017. Calculate the greatest common divisor of r and 44.
11
Let n = -18973 + 19017. Let w be 0 + 6/(-4)*-2. Let o be (-14)/(-3) - 2/w. What is the greatest common factor of o and n?
4
Let s be ((-176)/(-14))/((-16)/(-616)). What is the greatest common divisor of 7502 and s?
242
Let i(t) = t**3 - 5*t**2 - 15*t + 41. Let v be i(0). What is the greatest common factor of 4 and v?
1
Let a = 1441 - 1063. Calculate the highest common factor of 210 and a.
42
Suppose 2*v = 3*r - 40, 4*r + 8 - 50 = -3*v. Let k be ((18/(-10))/(-1))/(r/200). Let u = -13 - -19. Calculate the greatest common factor of k and u.
6
Let y = 235177 - 235047. Let g be ((-2)/(-2))/1*52. Calculate the greatest common factor of y and g.
26
Let l = 22 - -22. Let t = -34456 + 34464. Calculate the highest common divisor of t and l.
4
Let q(i) = -i**3 - 8*i**2 + 22*i - 1. Let h be q(-10). Let c = 6 - h. What is the greatest common factor of c and 9?
9
Let b be (-35)/2*(-84)/(-10). Let d = 169 + b. Suppose 0 = 3*c - o - 30, 2*c - c = -4*o + 23. What is the greatest common factor of d and c?
11
Suppose -8*y - 1233 = 423. Let s = y - -222. What is the greatest common divisor of 15 and s?
15
Suppose -4*v + 1426 = -770. Let f = v - 515. Suppose 3*y - 5*c = 143, -y = 4*c - 25 - 34. Calculate the greatest common factor of y and f.
17
Let a(n) = n**3 + 19*n**2 + 7*n - 54. Let v(j) = -j**2 - 10*j + 21. Let m be v(3). Let h be a(m). Calculate the highest common factor of h and 16.
16
Suppose 106*x = 3*x + 88786. What is the greatest common factor of x and 2?
2
Let c be (67 - (8 + -3) - 4)/((-7)/(-154)). Calculate the highest common factor of c and 132.
44
Suppose 160*m - 164*m = -x + 1512, 2*x - 3024 = 5*m. Calculate the greatest common divisor of 3240 and x.
216
Suppose -3*d = s - 1025, 11*s + 678 = 2*d + 13*s. Let t = 357 - d. Calculate the highest common divisor of t and 1162.
14
Suppose 4*z - z - 52 = b, -5*b - 188 = 3*z. Let a = b - -44. Suppose o - 113 = -0*o + a*s, 2 = 2*s. Calculate the highest common factor of 13 and o.
13
Let k be (-2)/9*504/(-112). Let i be (7 - (8 - k)) + 39. Let d(x) = 2*x**2 + 9*x + 4. Let w be d(-7). Calculate the greatest common divisor of w and i.
39
Suppose 49*g - 55089 - 81720 - 60465 = 0. What is the highest common divisor of g and 132?
66
Suppose 24*h = 12*h. Suppose 12*n + 4*y - 63 = 7*n, -4*n + 3*y + 69 = h. What is the greatest common factor of 24 and n?
3
Let l(i) = 73*i - 1091. Let n be l(23). Calculate the greatest common factor of 60 and n.
12
Suppose 0 = -259*x + 29*x + 3220. What is the highest common factor of x and 21?
7
Let a = -3843 - -3876. Calculate the greatest common divisor of 6534 and a.
33
Let m = 2460 + -2430. What is the highest common divisor of 40 and m?
10
Let l = 220 + -217. Suppose -l*w + 4*w = 27. Calculate the greatest common divisor of 18 and w.
9
Let x(w) = 4*w - 38. Let b be x(13). Suppose -b*z + 0 + 42 = 0. Let l = 48 + z. What is the highest common divisor of 34 and l?
17
Let d(q) = -q**2 + 11*q + 368. Let f be d(0). Let l = -144 + f. What is the highest common factor of 14 and l?
14
Let g(n) = n**2 - 45*n + 450. Let a be g(13). Calculate the greatest common divisor of 850 and a.
34
Suppose -63*j + 151727 - 33017 = -50823. What is the greatest common divisor of j and 78?
39
Let t = 1653 + -1563. What is the greatest common divisor of 95 and t?
5
Suppose 4*g - 2*q = 82, -5*g + 101 = -19*q + 18*q. What is the greatest common divisor of 180 and g?
20
Suppose h - 2*f - 84 = -0*f, -3*h + 3*f + 267 = 0. Suppose 46 + h = 5*y. Let a = y - -24. Calculate the greatest common divisor of 26 and a.
26
Suppose 43 = 5*x + 18. Let n(q) = 21 + q - x + 11. Let h be n(-14). Calculate the highest common factor of 143 and h.
13
Suppose 5*r + 29 = -4*y, -6*r + y + 6 = -7*r. Let j(c) = -31*c + 5. Let t be j(r). What is the greatest common factor of 32 and t?
32
Let l be (-2)/(-3) - 812/(-6). Let c = -409 + 411. Suppose -15*m + c*m = -442. Calculate the greatest common factor of l and m.
34
Suppose 0 = -3*w + 2*o + 970, 131*w - 1647 = 126*w - o. Calculate the highest common factor of 2214 and w.
82
Let p be 2 + 8202/15 - 120/(-100). Let i = p - 541. What is the greatest common factor of i and 48?
3
Let m be (24 + -20)*25/2. Let b be (-8)/(-2) - (-420 - 1). What is the highest common divisor of b and m?
25
Let w be 2 + 0/1 + (-127)/(-127). Calculate the highest common divisor of 1959 and w.
3
Let x be 291*460/90 - (-2)/3. What is the highest common factor of 72 and x?
24
Let v be ((-63)/(-12))/((1/4)/(5096/91)). What is the highest common divisor of v and 216?
24
Let r(s) = 3*s**2 - 21*s - 4. Let o = 111 + -103. Let l be r(o). Calculate the highest common factor of 120 and l.
20
Let g = 33 - -1. Let r be (-2)/(-5) - (578/(-5) - 3). What is the greatest common divisor of g and r?
17
Suppose 4*g = 8*c - 4*c + 16, 1 = -c. Suppose -2*j - 1588 = -2*b - 2*b, 5*j + 1198 = g*b. What is the highest common divisor of 36 and b?
36
Let k(w) = 3*w**2 - 15*w - 5. Suppose 6*x - 43 - 17 = 0. Let d be k(x). Calculate the greatest common divisor of 29 and d.
29
Suppose -3*k + 197 = 71. Let y be k + -49 - (0 - 79). Suppose d - 2*z - 3*z = 73, 3*d + 3*z = 129. Calculate the greatest common divisor of y and d.
24
Suppose 4928*f - 74 = 4927*f. Let h(m) = 2*m**2 - 17. Let r be 5/(-15) - (-100)/12. Let k be h(r). Calculate the greatest common divisor of f and k.
37
Suppose 7*r - 265 = 2*r. Let a be 18/(-4)*(-4)/6. Suppose -285 + 1398 = a*w. What is the highest common factor of w and r?
53
Let u = -4004 - -4016. Calculate the highest common factor of 2826 and u.
6
Let j be -5*((204/15)/4 + -3). Let q(x) = -x**3 - 5. Let u be q(j). Suppose